z(h) = -h - 2. Calculate z(0).
-2
Let z(v) = v**3 + 20*v**2 - 10*v + 165. What is z(-21)?
-66
Let d(w) = -w**2 + 9*w + 1. Give d(9).
1
Let p(x) = x**2 - 12*x + 35. Determine p(13).
48
Let q(b) = 13*b + 21. Determine q(-2).
-5
Let t(u) = -u**3 + 31*u**2 - 81*u - 93. What is t(28)?
-9
Let i(z) = -z**3 - z + 3. Determine i(3).
-27
Let z(f) = -f**2 - 14*f - 24. Determine z(-16).
-56
Let s(r) = 3*r**3 - 22*r**2 - 20*r + 31. Determine s(8).
-1
Let y(x) = 5*x + 16. Calculate y(-2).
6
Let h(y) = y**2 - 7*y - 24. Give h(10).
6
Let c(a) = 7*a + 52. What is c(-11)?
-25
Let d(r) = -11*r**3 - r - 1. Give d(-1).
11
Let i(w) = -w**2 - 13*w - 1. Determine i(0).
-1
Let b(n) = 2*n + 13. Calculate b(-6).
1
Let m(p) = -6*p**3 - p**2 - 4*p + 5. Give m(1).
-6
Let i(h) = -h**2 + 10*h. Calculate i(10).
0
Let n(t) = t**3 - 9*t**2 + 9*t + 5. What is n(7)?
-30
Let s(p) = -p**2 - 8*p - 8. Give s(-7).
-1
Let b(n) = -18*n + 30. Determine b(-6).
138
Let y(u) = -12*u - 2. Determine y(3).
-38
Let d(o) = o**2 - 4*o + 4. Determine d(7).
25
Let i(j) = -j**3 + 2*j**2 + 4*j - 2. Give i(-4).
78
Let p(y) = y**2 - y + 14. Give p(0).
14
Let z(l) = l**2 - 2*l - 75. What is z(-8)?
5
Let g(t) = -t**3 - 4*t**2 + 5*t + 6. Calculate g(-5).
6
Let r(o) = -5*o + 14. What is r(3)?
-1
Let d(g) = -4*g**3 - 2*g**2 - 2*g - 1. What is d(-2)?
27
Let h(l) = -l**2 + 11*l - 5. Give h(11).
-5
Let r(v) = -v**3 - 10*v**2 + 27*v - 13. Calculate r(-12).
-49
Let g(x) = 6*x + 14. What is g(-14)?
-70
Let r(b) = -16*b + 4. Determine r(4).
-60
Let j(q) = -q**3 - 16*q**2 - 12. Calculate j(-16).
-12
Let z(d) = -d**3 - 9*d**2 - 18*d - 281. What is z(-10)?
-1
Let g(k) = 2*k - 28. Determine g(-8).
-44
Let h(i) = 19*i + 3. Calculate h(-2).
-35
Let l(m) = -m**3 - 14*m**2 + 33*m + 13. Calculate l(-16).
-3
Let y(n) = n**2 - 12*n - 10. Determine y(12).
-10
Let c(z) = -10*z - 317. Give c(-36).
43
Let m(i) = -i**2 - 148*i - 987. Give m(-7).
0
Let u(c) = 28*c - 14. What is u(2)?
42
Let v(b) = -10*b + 19. What is v(-4)?
59
Let z(s) = 11*s - 54. Determine z(7).
23
Let s(w) = -13*w + 5. Calculate s(-2).
31
Let w(k) = 7*k + 66. Determine w(-9).
3
Let k(n) = -n + 6. Calculate k(18).
-12
Let a(x) = 2*x**3 + 6*x**2 + 2*x - 3. Determine a(-3).
-9
Let o(m) = 7*m**2 - 3*m - 1. Give o(-2).
33
Let x(c) = -c - 27. Determine x(-10).
-17
Let n(w) = 4*w**2 - 4*w - 1. Give n(-1).
7
Let a(v) = -31*v**3 + v**2 + v - 1. Calculate a(1).
-30
Let k(s) = -3*s**2 + 4*s - 2. Determine k(4).
-34
Let y(z) = -2*z**2 - 17*z - 7. What is y(-8)?
1
Let i(l) = 2*l**3 + 15*l**2 - 12*l - 7. What is i(-8)?
25
Let u(o) = 7*o + 99. Determine u(-18).
-27
Let p(m) = -m**2 + 7*m - 12. Give p(4).
0
Let u(t) = -t**2 - 2*t + 10. Calculate u(-7).
-25
Let s(b) = -8*b - 67. Calculate s(-22).
109
Let k(c) = c**3 + c**2 - 3*c + 10. Calculate k(-3).
1
Let f(c) = c**3 + 2*c**2 + c + 25. What is f(-4)?
-11
Let d(j) = -j**3 - 5*j**2 + 10*j + 11. Calculate d(-6).
-13
Let p(t) = 8*t**2 + 6*t - 7. Give p(2).
37
Let o(t) = 3*t**3 + 9*t**2 + 15*t + 4. Determine o(-2).
-14
Let i(h) = -2*h**2 - 19*h + 51. What is i(-12)?
-9
Let f(c) = 2*c + 37. Determine f(0).
37
Let r(a) = a**3 - 19*a - 4. What is r(-4)?
8
Let y(b) = -5*b + 2. Give y(8).
-38
Let j(i) = -i**2 + 3*i + 2. Calculate j(-2).
-8
Let z(n) = -23*n + 7. Calculate z(3).
-62
Let q(b) = b**2 - 15*b - 10. Calculate q(16).
6
Let i(f) = -3*f**2 - 2*f + 1. Give i(-3).
-20
Let g(z) = -z**2 - 2*z + 12. Give g(-4).
4
Let y(x) = -x - 2. What is y(-7)?
5
Let a(j) = 13*j - 73. Calculate a(7).
18
Let p(x) = -x**3 + 10*x**2 + x - 5. What is p(10)?
5
Let a(i) = 12*i - 1. Calculate a(3).
35
Let b(t) = t**3 + 6*t**2 + 5*t + 4. Determine b(-5).
4
Let x(i) = -2*i**3 + 2*i**2 + i + 7. What is x(3)?
-26
Let z(x) = -x**3 + 8*x**2 - 12*x + 18. Determine z(6).
18
Let u(s) = -9*s**2 + 36*s + 2. Give u(4).
2
Let o(f) = -f**3 + 8*f**2 + 3. What is o(0)?
3
Let v(u) = -3*u**2 - 4*u - 1. Give v(4).
-65
Let q(c) = c**2 - 55*c + 200. Determine q(51).
-4
Let m(o) = -o**3 - 3*o**2 + 1. Determine m(-2).
-3
Let x(t) = -14*t - 7. Calculate x(3).
-49
Let j(f) = f**3 - 4*f**2 - 5*f + 5. Calculate j(5).
5
Let p(q) = -q**3 - 13*q**2 + 29*q - 10. Give p(-15).
5
Let x(w) = 5*w + 28. Give x(11).
83
Let k(t) = -t**3 + 11*t**2 - 9*t + 1. Give k(9).
82
Let d(l) = -37*l + 143. What is d(3)?
32
Let y(a) = -15*a + 19. Determine y(1).
4
Let y(l) = l**2 + l + 2. Give y(-5).
22
Let v(p) = -p**3 + 16*p**2 - 59*p - 2. Calculate v(10).
8
Let s(y) = -y**3 - 8*y**2 + 3*y + 13. Give s(-10).
183
Let q(y) = y - 1. Determine q(0).
-1
Let g(v) = 4*v**3 - v**2 - 3*v - 1. What is g(-3)?
-109
Let u(l) = 15*l - 112. Give u(7).
-7
Let u(b) = 4*b + 13. Give u(-15).
-47
Let s(l) = -6*l - 3. Calculate s(3).
-21
Let y(t) = -85*t + 1. What is y(-1)?
86
Let f(i) = -i + 7. Calculate f(3).
4
Let d(k) = -2*k**2 - 15*k - 7. What is d(-6)?
11
Let a(v) = -37*v + 20. What is a(1)?
-17
Let g(f) = 18*f + 22. Give g(-5).
-68
Let c(a) = 5*a + 16. Calculate c(-6).
-14
Let j(q) = -19*q + 55. Give j(3).
-2
Let t(p) = -p**2 + 3. Determine t(-2).
-1
Let i(z) = z**3 + 6*z**2 + 3. What is i(-6)?
3
Let v(q) = -2*q**2 - 14*q - 17. Calculate v(-7).
-17
Let p(l) = l**3 - 14*l**2 + 25*l + 26. Calculate p(11).
-62
Let u(y) = 5*y - 4. Give u(4).
16
Let h(l) = -l**3 + l**2 - l - 5. Give h(3).
-26
Let s(n) = 5*n - 41. What is s(8)?
-1
Let y(j) = -26*j - 1. Calculate y(-1).
25
Let y(n) = -8*n - 571. Give y(-72).
5
Let f(j) = j**3 - 10*j**2 - 37*j + 6. What is f(12)?
-150
Let y(f) = -f**2 + 7*f - 11. Determine y(12).
-71
Let t(f) = -f**2 - f - 8. What is t(-9)?
-80
Let c(i) = i**3 + 8*i**2 + 17*i + 3. What is c(-5)?
-7
Let q(a) = -3*a**2 + 7*a + 5. Give q(6).
-61
Let y(l) = l**3 + l**2 - 2*l - 1. Give y(-2).
-1
Let k(w) = 14*w - 1. Calculate k(-3).
-43
Let y(j) = -j**3 - 7*j**2 + 7*j - 11. What is y(-8)?
-3
Let h(l) = -2*l**3 - 2*l**2 - 3*l + 3. Give h(-3).
48
Let l(r) = 3*r + 1. What is l(1)?
4
Let k(v) = v**2 + 19*v + 70. Calculate k(-13).
-8
Let k(m) = -m**3 - 8*m**2 + 3. Determine k(-8).
3
Let v(q) = -q**2 + 9*q + 9. Calculate v(11).
-13
Let z(j) = j**2 + 6. What is z(5)?
31
Let f(g) = g**3 + 14*g**2 + 13*g + 19. Give f(-13).
19
Let c(m) = 2*m. Determine c(6).
12
Let x(s) = -s**3 - 11*s**2 - 10*s - 2. Determine x(-10).
-2
Let t(d) = d**2 - d - 25. Calculate t(7).
17
Let a(p) = p**2 - 5*p - 4. Give a(5).
-4
Let p(z) = z**2 - 2*z - 14. Determine p(4).
-6
Let b(c) = -2*c**2 - 12*c + 2. Calculate b(-9).
-52
Let c(w) = 3*w - 2. Calculate c(2).
4
Let f(y) = -y**3 - 7*y**2 + 5*y - 9. What is f(-8)?
15
Let i(g) = 24*g - 357. Determine i(15).
3
Let m(v) = v + 1. Give m(7).
8
Let l(t) = -130*t - 917. Determine l(-7).
-7
Let q(w) = 4*w**2 + 3*w - 1. Give q(-2).
9
Let h(y) = y**3 - 11*y**2 + 19*y - 16. Determine h(9).
-7
Let j(k) = k**2 - 9*k + 21. What is j(4)?
1
Let h(o) = -o**3 - 14*o**2 - 13*o - 2. Calculate h(-13).
-2
Let u(y) = y**3 - 13*y**2 + 9*y + 38. Determine u(12).
2
Let a(j) = -j**3 - 7*j**2 + 15*j - 11. Calculate a(-9).
16
Let f(k) = 21*k**3 + k - 1. What is f(1)?
21
Let o(s) = -7*s - 21. Calculate o(-16).
91
Let f(b) = -2*b**2 + 32*b - 13. What is f(13)?
65
Let h(z) = 2*z - 19. Give h(12).
5
Let h(o) = -14*o + 66. Give h(10).
-74
Let j(o) = 3*o**3 + 2*o**2 + 3*o. Determine j(-3).
-72
Let y(b) = -197*b. Give y(-1).
197
Let p(c) = c + 13. Give p(-16).
-3
Let g(t) = -t**2 + 32*t - 234. Give g(19).
13
Let o(r) = r**2 - 15*r - 70. Calculate o(-4).
6
Let b(l) = -l**3 - 14*l**2 - 44*l - 121. Determine b(-11).
0
Let o(n) = -2*n**2 + 50*n + 38. Calculate o(26).
-14
Let f(m) = -6*m**2 - 4*m + 6. What is f(-3)?
-36
Let m(q) = 2*q. What is m(4)?
8
Let m(f) = -2*f**3 + 2*f**2 + 4*f - 2. Determine m(3).
-26
Let o(r) = -166*r**2 + 1. Determine o(-1).
-165
Let m(v) = 2*v**2 - 8*v - 8. Determine m(6).
16
Let b(g) = -32*g - 23. What is b(-1)?
9
Let n(q) = -q**3 - 8*q**2 + 2*q + 13. Determine n(-8).
-3
Let a(j) = j**3 - 6*j**2 + 3*j + 7. Give a(5).
-3
Let o(d) = -5*d - 16. Determine o(-3).
-1
Let z(f) = -13*f + 6. What is z(3)?
-33
Let w(h) = -h**3 + 4*h + 8. Calculate w(0).
8
Let a(m) = -2*m**2 + 6*m + 20. Give a(5).
0
Let o(a) = a**3 - 7*a**2 + 2*a + 10. Determine o(4).
-30
Let q(d) = -d**2 - 12*d + 27. Give q(2).
-1
Let g(p) = p**2 - 5*p + 2. Calculate g(6).
8
Let t(m) = -m**3 + 12*m**2 - 6*m - 38. What is t(11)?
17
Let m(f) = 4*f - 